ime factors of 88974?
2, 3, 4943
List the prime factors of 7480418.
2, 11, 71, 4789
What are the prime factors of 81067?
7, 37, 313
List the prime factors of 1117777.
23, 2113
What are the prime factors of 894193?
894193
List the prime factors of 1059391.
43, 71, 347
What are the prime factors of 8879759?
7, 1268537
What are the prime factors of 1040768?
2, 47, 173
List the prime factors of 94605.
3, 5, 7, 17, 53
What are the prime factors of 53664?
2, 3, 13, 43
List the prime factors of 1353711.
3, 23, 853
What are the prime factors of 681981?
3, 59, 3853
What are the prime factors of 2582196?
2, 3, 215183
List the prime factors of 2963190.
2, 3, 5, 98773
List the prime factors of 245478.
2, 3, 163, 251
List the prime factors of 880897.
19, 71, 653
What are the prime factors of 699904?
2, 1367
List the prime factors of 899666.
2, 449833
List the prime factors of 1969430.
2, 5, 31, 6353
What are the prime factors of 1838205?
3, 5, 40849
List the prime factors of 244500.
2, 3, 5, 163
What are the prime factors of 13488684?
2, 3, 11, 17, 6011
What are the prime factors of 19687665?
3, 5, 29, 45259
What are the prime factors of 2142751?
13, 31, 409
What are the prime factors of 524285?
5, 23, 47, 97
List the prime factors of 2799679.
17, 37, 4451
List the prime factors of 13985469.
3, 41, 151, 251
What are the prime factors of 463596?
2, 3, 7, 5519
What are the prime factors of 1038836?
2, 17, 15277
List the prime factors of 2378519.
11, 13, 16633
What are the prime factors of 171821?
13, 13217
List the prime factors of 2817855.
3, 5, 20873
What are the prime factors of 770505?
3, 5, 31, 1657
List the prime factors of 236293.
236293
List the prime factors of 4922949.
3, 227, 7229
List the prime factors of 873227.
107, 8161
What are the prime factors of 93296?
2, 7, 17
List the prime factors of 94203.
3, 1163
What are the prime factors of 18808389?
3, 696607
What are the prime factors of 1611567?
3, 241, 743
List the prime factors of 4092153.
3, 13, 317, 331
List the prime factors of 11899182.
2, 3, 1983197
List the prime factors of 10409316.
2, 3, 867443
What are the prime factors of 261359?
7, 37337
What are the prime factors of 707703?
3, 235901
What are the prime factors of 9784706?
2, 23, 347, 613
List the prime factors of 483202.
2, 241601
List the prime factors of 258827.
258827
What are the prime factors of 16283832?
2, 3, 678493
List the prime factors of 457912.
2, 7, 13, 17, 37
List the prime factors of 19782.
2, 3, 7, 157
List the prime factors of 254384.
2, 13, 1223
List the prime factors of 5826702.
2, 3, 7, 138731
What are the prime factors of 804447?
3, 7, 113
List the prime factors of 1158236.
2, 289559
List the prime factors of 32049386.
2, 17, 163, 5783
List the prime factors of 728024.
2, 11, 8273
What are the prime factors of 2713989?
3, 904663
List the prime factors of 2393204.
2, 11, 109, 499
List the prime factors of 216470.
2, 5, 21647
What are the prime factors of 586323?
3, 65147
What are the prime factors of 303756?
2, 3, 17, 1489
List the prime factors of 1960212.
2, 3, 163351
List the prime factors of 2486344.
2, 7, 29, 1531
What are the prime factors of 1774856?
2, 61, 3637
List the prime factors of 252215.
5, 73, 691
List the prime factors of 10557030.
2, 3, 5, 11, 31991
What are the prime factors of 368944?
2, 23059
What are the prime factors of 6271890?
2, 3, 5, 209063
List the prime factors of 5612103.
3, 7, 229, 389
What are the prime factors of 6100970?
2, 5, 433, 1409
List the prime factors of 74950.
2, 5, 1499
What are the prime factors of 4413099?
3, 1471033
What are the prime factors of 4320034?
2, 2160017
What are the prime factors of 3582060?
2, 3, 5, 227, 263
What are the prime factors of 668452?
2, 167113
List the prime factors of 2812276.
2, 17, 41357
List the prime factors of 17203134.
2, 3, 13, 220553
What are the prime factors of 753506?
2, 13, 73, 397
List the prime factors of 15119.
13, 1163
List the prime factors of 266269.
266269
What are the prime factors of 277071?
3, 92357
What are the prime factors of 35842583?
7, 113, 401
List the prime factors of 70088.
2, 8761
List the prime factors of 14691133.
14691133
What are the prime factors of 184933?
7, 29, 911
List the prime factors of 143461.
143461
What are the prime factors of 3099943?
7, 11, 127, 317
List the prime factors of 25067274.
2, 3, 349, 11971
What are the prime factors of 2584776?
2, 3, 107699
List the prime factors of 2154941.
2154941
List the prime factors of 1102414.
2, 551207
List the prime factors of 3128329.
3128329
List the prime factors of 25395024.
2, 3, 37, 79, 181
What are the prime factors of 63200?
2, 5, 79
What are the prime factors of 439367?
439367
What are the prime factors of 216667?
11, 19697
What are the prime factors of 787167?
3, 149, 587
What are the prime factors of 1997800?
2, 5, 7, 1427
What are the prime factors of 172772?
2, 47, 919
What are the prime factors of 3350322?
2, 3, 20681
List the prime factors of 2483138.
2, 7, 193, 919
List the prime factors of 393715.
5, 7, 1607
What are the prime factors of 16286659?
16286659
List the prime factors of 221168.
2, 23, 601
List the prime factors of 407152.
2, 25447
What are the prime factors of 242141?
31, 73, 107
List the prime factors of 9604964.
2, 59, 40699
What are the prime factors of 1106690?
2, 5, 13, 8513
What are the prime factors of 807688?
2, 7, 14423
List the prime factors of 17843873.
17843873
List the prime factors of 158358.
2, 3, 26393
List the prime factors of 1778992.
2, 111187
List the prime factors of 3628022.
2, 1814011
List the prime factors of 12336482.
2, 79, 78079
List the prime factors of 5567077.
191, 29147
List the prime factors of 8721771.
3, 2907257
List the prime factors of 1878827.
1878827
What are the prime factors of 564169?
31, 18199
What are the prime factors of 4440906?
2, 3, 79, 347
What are the prime factors of 7306011?
3, 270593
What are the prime factors of 18328371?
3, 6109457
List the prime factors of 10774436.
2, 2693609
What are the prime factors of 84224?
2, 7, 47
List the prime factors of 6144362.
2, 7, 103, 4261
What are the prime factors of 144685?
5, 19, 1523
List the prime factors of 12793481.
331, 38651
What are the prime factors of 293871?
3, 23, 4259
What are the prime factors of 13224314?
2, 2273, 2909
List the prime factors of 99812.
2, 24953
What are the prime factors of 274997?
47, 5851
List the prime factors of 14897989.
127, 117307
List the prime factors of 350334.
2, 3, 19463
What are the prime factors of 3044165?
5, 23, 103, 257
What are the prime factors of 9970133?
1429, 6977
List the prime factors of 5711525.
5, 228461
List the prime factors of 532057.
19, 41, 683
List the prime factors of 553716.
2, 3, 1709
List the prime factors of 6357521.
421, 15101
What are the prime factors of 224222?
2, 112111
List the prime factors of 847445.
5, 169489
What are the prime factors of 4646608?
2, 37, 47, 167
What are the prime factors of 249259?
53, 4703
List the prime factors of 327781.
433, 757
List the prime factors of 15486013.
15486013
What are the prime factors of 1281349?
1281349
What are the prime factors of 798961?
798961
List the prime factors of 371650.
2, 5, 7433
What are the prime factors of 780444?
2, 3, 7, 19, 163
What are the prime factors of 8776136?
2, 1097017
List the prime factors of 221574.
2, 3, 36929
List the prime factors of 61329.
3, 20443
What are the prime factors of 885843?
3, 7, 43, 109
List the prime factors of 365575.
5, 7, 2089
What are the prime factors of 631456?
2, 7, 2819
List the prime factors of 549428.
2, 11, 12487
List the prime factors of 4810072.
2, 601259
List the prime factors of 22140.
2, 3, 5, 41
List the prime factors of 540872.
2, 17, 41, 97
What are the prime factors of 3500597?
53, 257
List the prime factors of 225841.
7, 11, 419
What are the prime factors of 8954645?
5, 7, 255847
What are the prime factors of 86501?
86501
What are the prime factors of 4030896?
2, 3, 79, 1063
What are the prime factors of 53160?
2, 3, 5, 443
What are the prime factors of 14349770?
2, 5, 107, 13411
List the prime factors of 2364566.
2, 1182283
What are the prime factors of 1139306?
2, 7, 17, 4787
What are the prime factors of 1635412?
2, 47, 8699
What are the prime factor